{"id":64,"date":"2014-11-26T16:07:27","date_gmt":"2014-11-26T14:07:27","guid":{"rendered":"http:\/\/wildnistrip.de\/?page_id=64"},"modified":"2014-12-06T17:25:22","modified_gmt":"2014-12-06T15:25:22","slug":"good-bye-nova-skotia-bonjour-quebec","status":"publish","type":"page","link":"https:\/\/wildnistrip.de\/?page_id=64","title":{"rendered":"Good bye Nova Skotia Bonjour Quebec"},"content":{"rendered":"<p><span lang=\"en-US\"><b>Good by Nova Skotia. <\/b><\/span><b>Bonjour Quebec. <\/b><\/p>\n<p>Auf einmal spricht man wieder Franz\u00f6sisch. Jedoch ein v\u00f6llig unverst\u00e4ndliches. Georg und Sascha haben mich \u00fcberstimmt dem nassen Nova Skotia den R\u00fccken zuzudrehen und weiter gen Westen zu fahren. Der Sonne entgegen. Viele sch\u00f6ne Ziele, die ich im letzten Winter geplant hatte bleiben nun ungesehen. Vor uns liegen nun 2 Reisetage.<\/p>\n<p>Im NationalPark Kejimmekoije , unserem ersten B\u00e4rengebiet hatte ich noch eine \u201eB\u00e4renbegegnung\u201c in der Nacht. Na zugegebener Weise nur im Traum\u2026.Unser Pickup hat die Eigenart wenn einer sich umdreht zu wackeln. Das ist zu Beginn etwas ungewohnt gewesen. Mitten in der Nacht dreht sich also Sascha recht heftig in seinem Bett um und ich tr\u00e4ume ein B\u00e4r mache sich an unserem Auto zu schaffen. Um ihn zu vertreiben sto\u00dfe ich einen markersch\u00fctternden Schrei aus. Ich kann wirklich laut schreien!!! Reaktion meiner beiden Mitschl\u00e4fer: Sascha kriegt \u00fcberhaupt nichts mit und Georg sagt schlaftrunken und v\u00f6llig relaxt \u201eWas schreist du denn so\u201c NA Gute Nacht, sollte wirklich mal ein B\u00e4r kommen kann ich auf die beiden, was unsere Verteidigung angeht wohl nicht z\u00e4hlen.<\/p>\n<p>Neben den fehlenden Highlights, was Naturerfahrungen angeht, erleben wir dennoch eine relaxte Zeit. Sascha baut Stra\u00dfen f\u00fcr seine Autos wo immer er hinkommt, oder wenn sich eine Gelegenheit gibt, werden neue Wasserwege, Staud\u00e4mme und diverse Landschaftsver\u00e4nderungen angelegt. Georg spielt ausgiebig mit ihm. Ich lese oder mache, wenn sich die Gelegenheit bietet auch mal Yoga oder einfach nichts.<\/p>\n<p>Wenn man einen Supermarkt betritt wird deutlich wie gut wir es in Europa haben. Die Essgewohnheiten der Kanadier \u00e4hneln doch sehr denen der Amis. Leckere Schokolade, guter K\u00e4se oder essbares Brot: Fehlanzeige. Jede Menge Chips, Softdrinks, ekliger S\u00fcsskram, kein guter Wein und Obst und Gem\u00fcse ist recht unerschwinglich. Selbst die M\u00f6hren sind teuer. Doch im franz\u00f6sisch sprachigen Teil ist es deutlich besser.<\/p>\n<p>Das Wetter ist wieder sch\u00f6n. Blauer Himmel und warm bis hei\u00df, so dass eine nicht funktionierende Heizung uns nicht sorgt.<\/p>\n<p>Hier eine kleine Einf\u00fchrung in die kanadische M\u00fcckenkunde:<\/p>\n<p>Es gibt drei Arten von M\u00fccken. Die sogenannten black flys. Diese schwarzen kleinen Fliegen umschw\u00e4rmen einen st\u00e4ndig auch im sch\u00f6nsten Sonnenschein. Sie haben kein Problem durch unsere Moskitonetze durchzuschl\u00fcpfen, lassen sich abends aber leicht fangen und k\u00f6nnten einen tags\u00fcber h\u00e4tten wir nicht unsere sch\u00f6ne\u201c Imkerkleidung\u201c wahnsinnig machen. Sie w\u00fchlen sich ins Haar und bei\u00dfen kleine St\u00fccke aus der Haut. Bei Sonnenuntergang verabschieden sie sich gem\u00e4chlich um dann der gemeinen M\u00fccke Platz zu machen. Diese kommen nicht durch unsere Moskitonetze! Je nach H\u00f6henlage und Lufttemperatur stechen sie z\u00fcgig oder etwas tr\u00e4ge.<\/p>\n<p>Fr\u00fch am Morgen tauchen dann die \u201eCan\u2019t see them\u201c auf. Deren Stiche werden nicht zu dicken Quaddeln, aber sie machen das Schlafen unm\u00f6glich, weil sie immer wieder heftig bei\u00dfen. Die sind sehr winzig und kommen durch unsere Moskitonetze. (Aber man kann die Fenster ja schlie\u00dfen\u2026.und erstickt dann.<\/p>\n<p>M\u00fccken gibt\u2019s nat\u00fcrlich nur im Wald und an Gew\u00e4ssern\u2026.<\/p>\n<p>Wir fahren stundenlang durch W\u00e4lder und See reiht sich an See.<\/p>\n<p>Bei unserer Schlafplatzsuche hatten wir ein kleines Offroadabenteuer. Ein kleiner Waldweg lockte uns. Recht steil und noch matschig vom Regen der letzten Tage, hatte unser Hilux doch gar keine Probleme. Pl\u00f6tzlich der Weg versperrt mit dreifachen Wasserschl\u00e4uchen, gerade zu niedrig um durchzufahren. Sascha und ich sprangen aus dem Auto, um die Dinger mittels Ast hoch zu st\u00fctzen, so dass unser kleines Auto durchpasste. Das ging ganz gut und wir wollten auch nicht zur\u00fcck, weil es laut Navy weiter vorne wieder auf die Stra\u00dfe ging. Nur kamen diese Wegsperrungen immer h\u00e4ufiger und lie\u00dfen sich dann nur noch bew\u00e4ltigen, indem ich auf dem Dach sa\u00df und die Schl\u00e4uche \u00fcber den Dachtr\u00e4ger dr\u00fcber hievte und Georg Zentimeter weise drunter durch fuhr. Wir waren sehr froh als wir wieder Teer unter den R\u00e4dern hatten.<\/p>\n<p><a href=\"http:\/\/wildnistrip.de\/wp-content\/uploads\/2014\/11\/DSC00025.jpg\"><img loading=\"lazy\" decoding=\"async\" class=\"alignnone size-medium wp-image-195\" src=\"http:\/\/wildnistrip.de\/wp-content\/uploads\/2014\/11\/DSC00025-300x225.jpg\" alt=\"DSC00025\" width=\"300\" height=\"225\" srcset=\"https:\/\/wildnistrip.de\/wp-content\/uploads\/2014\/11\/DSC00025-300x225.jpg 300w, https:\/\/wildnistrip.de\/wp-content\/uploads\/2014\/11\/DSC00025-1024x768.jpg 1024w\" sizes=\"auto, (max-width: 300px) 100vw, 300px\" \/><\/a><\/p>\n<p>Bei strahlendem Sonnenschein waren wir im Nationalpark La Mauricie. Eine sehr sch\u00f6ne Wanderung zu einem verwunschenen See mit gro\u00dfartigem Ausblick \u00fcber Fluss, See und endlose W\u00e4lder. Tiere gab es, von ein paar Fr\u00f6schen, 2 Schlangen, ein paar Greifv\u00f6geln abgesehen keine. Naja viele M\u00fccken\u2026.Herrliches schwimmen in verschiedenen Fl\u00fcssen und Seen, die nicht besonders kalt sind.<\/p>\n<p><a href=\"http:\/\/wildnistrip.de\/wp-content\/uploads\/2014\/11\/IMG_2580.jpg\"><img loading=\"lazy\" decoding=\"async\" class=\"alignnone size-medium wp-image-80\" src=\"http:\/\/wildnistrip.de\/wp-content\/uploads\/2014\/11\/IMG_2580-300x200.jpg\" alt=\"IMG_2580\" width=\"300\" height=\"200\" srcset=\"https:\/\/wildnistrip.de\/wp-content\/uploads\/2014\/11\/IMG_2580-300x200.jpg 300w, https:\/\/wildnistrip.de\/wp-content\/uploads\/2014\/11\/IMG_2580-1024x682.jpg 1024w\" sizes=\"auto, (max-width: 300px) 100vw, 300px\" \/><\/a><\/p>\n<p><a href=\"http:\/\/wildnistrip.de\/wp-content\/uploads\/2014\/11\/IMG_2562.jpg\"><img loading=\"lazy\" decoding=\"async\" class=\"alignnone size-medium wp-image-79\" src=\"http:\/\/wildnistrip.de\/wp-content\/uploads\/2014\/11\/IMG_2562-300x200.jpg\" alt=\"IMG_2562\" width=\"300\" height=\"200\" srcset=\"https:\/\/wildnistrip.de\/wp-content\/uploads\/2014\/11\/IMG_2562-300x200.jpg 300w, https:\/\/wildnistrip.de\/wp-content\/uploads\/2014\/11\/IMG_2562-1024x682.jpg 1024w\" sizes=\"auto, (max-width: 300px) 100vw, 300px\" \/><\/a><\/p>\n<p><a href=\"http:\/\/wildnistrip.de\/wp-content\/uploads\/2014\/11\/IMG_2555.jpg\"><img loading=\"lazy\" decoding=\"async\" class=\"alignnone size-medium wp-image-78\" src=\"http:\/\/wildnistrip.de\/wp-content\/uploads\/2014\/11\/IMG_2555-300x200.jpg\" alt=\"IMG_2555\" width=\"300\" height=\"200\" srcset=\"https:\/\/wildnistrip.de\/wp-content\/uploads\/2014\/11\/IMG_2555-300x200.jpg 300w, https:\/\/wildnistrip.de\/wp-content\/uploads\/2014\/11\/IMG_2555-1024x682.jpg 1024w\" sizes=\"auto, (max-width: 300px) 100vw, 300px\" \/><\/a><\/p>\n<p><a href=\"http:\/\/wildnistrip.de\/wp-content\/uploads\/2014\/11\/IMG_2536.jpg\"><img loading=\"lazy\" decoding=\"async\" class=\"alignnone size-medium wp-image-77\" src=\"http:\/\/wildnistrip.de\/wp-content\/uploads\/2014\/11\/IMG_2536-200x300.jpg\" alt=\"IMG_2536\" width=\"200\" height=\"300\" srcset=\"https:\/\/wildnistrip.de\/wp-content\/uploads\/2014\/11\/IMG_2536-200x300.jpg 200w, https:\/\/wildnistrip.de\/wp-content\/uploads\/2014\/11\/IMG_2536-682x1024.jpg 682w\" sizes=\"auto, (max-width: 200px) 100vw, 200px\" \/><\/a><\/p>\n<p>Es ist nicht leicht Schlafpl\u00e4tze zu finden, die nicht im Wald sind aber manchmal hilft es zu fragen.<\/p>\n<p><a href=\"http:\/\/wildnistrip.de\/wp-content\/uploads\/2014\/11\/IMG_2588.jpg\"><img loading=\"lazy\" decoding=\"async\" class=\"alignnone size-medium wp-image-81\" src=\"http:\/\/wildnistrip.de\/wp-content\/uploads\/2014\/11\/IMG_2588-300x200.jpg\" alt=\"IMG_2588\" width=\"300\" height=\"200\" srcset=\"https:\/\/wildnistrip.de\/wp-content\/uploads\/2014\/11\/IMG_2588-300x200.jpg 300w, https:\/\/wildnistrip.de\/wp-content\/uploads\/2014\/11\/IMG_2588-1024x682.jpg 1024w\" sizes=\"auto, (max-width: 300px) 100vw, 300px\" \/><\/a><\/p>\n<p>M\u00fcckenstichz\u00e4hlung:<\/p>\n<p>Sascha: rechte Hand 23, linke Hand 8, F\u00fc\u00dfe jeder ca. 20, Beine und Bauch ersparen wir euch. (Will auch kein M\u00fcckenzeug und zieht es vor die M\u00fccken in der Luft zu fangen)<\/p>\n<p>Georg: Z\u00e4hlt sie nicht mehr, weigert sich aber standhaft die Chemiekeule zu nutzen und vergisst dauernd sein Bugshirt.<\/p>\n<p align=\"JUSTIFY\"><span style=\"color: #000000;\">Andrea: Eigentlich nicht so viele, weil ich gnadenlos zur kanadischen Chemie greife. Aber nachdem ich gestern im Kleid wandern war, sinds dann doch ein paar.<\/span><\/p>\n","protected":false},"excerpt":{"rendered":"<p>Good by Nova Skotia. Bonjour Quebec. Auf einmal spricht man wieder Franz\u00f6sisch. Jedoch ein v\u00f6llig unverst\u00e4ndliches. Georg und Sascha haben mich \u00fcberstimmt dem nassen Nova Skotia den R\u00fccken zuzudrehen und weiter gen Westen zu fahren. Der Sonne entgegen. Viele sch\u00f6ne Ziele, die ich im letzten Winter geplant hatte bleiben nun ungesehen. Vor uns liegen nun &hellip; <\/p>\n<p class=\"link-more\"><a href=\"https:\/\/wildnistrip.de\/?page_id=64\" class=\"more-link\">Mehr <span class=\"screen-reader-text\">\u00fcber &#8222;Good bye Nova Skotia Bonjour Quebec&#8220; <\/span>Lesen<\/a><\/p>\n","protected":false},"author":1,"featured_media":0,"parent":0,"menu_order":0,"comment_status":"open","ping_status":"open","template":"","meta":{"footnotes":""},"class_list":["post-64","page","type-page","status-publish","hentry"],"_links":{"self":[{"href":"https:\/\/wildnistrip.de\/index.php?rest_route=\/wp\/v2\/pages\/64","targetHints":{"allow":["GET"]}}],"collection":[{"href":"https:\/\/wildnistrip.de\/index.php?rest_route=\/wp\/v2\/pages"}],"about":[{"href":"https:\/\/wildnistrip.de\/index.php?rest_route=\/wp\/v2\/types\/page"}],"author":[{"embeddable":true,"href":"https:\/\/wildnistrip.de\/index.php?rest_route=\/wp\/v2\/users\/1"}],"replies":[{"embeddable":true,"href":"https:\/\/wildnistrip.de\/index.php?rest_route=%2Fwp%2Fv2%2Fcomments&post=64"}],"version-history":[{"count":5,"href":"https:\/\/wildnistrip.de\/index.php?rest_route=\/wp\/v2\/pages\/64\/revisions"}],"predecessor-version":[{"id":202,"href":"https:\/\/wildnistrip.de\/index.php?rest_route=\/wp\/v2\/pages\/64\/revisions\/202"}],"wp:attachment":[{"href":"https:\/\/wildnistrip.de\/index.php?rest_route=%2Fwp%2Fv2%2Fmedia&parent=64"}],"curies":[{"name":"wp","href":"https:\/\/api.w.org\/{rel}","templated":true}]}}